s 310145511 - -14?
310145525
In base 5, what is 3041243443 - 2?
3041243441
In base 3, what is -2020102 + 2200110012?
2121012210
In base 3, what is -112000211021 - 20200111?
-112021111202
In base 16, what is e8840 - -12?
e8852
In base 9, what is -28740 - -616?
-28123
In base 14, what is -655912 + 4?
-65590c
In base 7, what is 104243 - 21?
104222
In base 16, what is 68dbbb + 10?
68dbcb
In base 13, what is -2 - b47839?
-b4783b
In base 2, what is 0 + -10011011010000001111011110?
-10011011010000001111011110
In base 9, what is 264580 + 40?
264630
In base 10, what is 1 + -1414227?
-1414226
In base 11, what is -3375 - -130742?
128378
In base 8, what is 343 - -672305?
672650
In base 8, what is 1032 + -3103?
-2051
In base 9, what is -4807347 + -4?
-4807352
In base 10, what is 934110861 - -5?
934110866
In base 14, what is -720225 - ca?
-720311
In base 4, what is -2 - 1222303332310?
-1222303332312
In base 15, what is -1b1e - 1126?
-2c45
In base 7, what is 5011 - -4410633?
4415644
In base 9, what is -865518 - -14?
-865504
In base 13, what is 64 + 16349?
163b0
In base 8, what is 2417 - 73566?
-71147
In base 11, what is -1703965 - -1?
-1703964
In base 12, what is 127885 + 26?
1278ab
In base 10, what is -43162072 - -12?
-43162060
In base 3, what is -222111010010112 + -10?
-222111010010122
In base 8, what is 5 + 67220160?
67220165
In base 6, what is 52045 + 3125?
55214
In base 13, what is 4 - -3209483?
3209487
In base 4, what is -11 + -22322123110?
-22322123121
In base 2, what is -10010 - 101000110101011010?
-101000110101101100
In base 8, what is 677 - -123132?
124031
In base 14, what is 21520b2 + -6?
21520aa
In base 13, what is -267781 - -8?
-267776
In base 12, what is 2288a + -6a7?
221a3
In base 4, what is 10010 + -33332232?
-33322222
In base 15, what is 93 + -a6c9?
-a636
In base 7, what is 354503 + 51?
354554
In base 8, what is 5156474 - -2?
5156476
In base 10, what is 196 + -305398?
-305202
In base 9, what is 55560 - 532?
55027
In base 13, what is -452 + -1790?
-1c12
In base 2, what is 10110010100010001011 + 1000010?
10110010100011001101
In base 14, what is -450a180 + 1?
-450a17d
In base 4, what is 110 - -1010021110?
1010021220
In base 10, what is 17 + -49813?
-49796
In base 5, what is 3 + -101142323403?
-101142323400
In base 7, what is 63046 + -21543?
41203
In base 6, what is -2040531 + -12?
-2040543
In base 16, what is 2 + -d11d5e?
-d11d5c
In base 6, what is 221353453 + -20?
221353433
In base 3, what is 210100 - 22001102121?
-22000122021
In base 11, what is 4a2 - 304717?
-304225
In base 9, what is -607606 + -73?
-607680
In base 7, what is -3330350034 + -4?
-3330350041
In base 13, what is 47c3537 + -c?
47c3528
In base 10, what is 927 - -77623?
78550
In base 7, what is 5231231426 + 3?
5231231432
In base 10, what is -1 - 2189048?
-2189049
In base 10, what is 9304163 + 46?
9304209
In base 9, what is -46 - 43648?
-43705
In base 13, what is -52a59 + -a?
-52a66
In base 3, what is 1000221 + -10212122101?
-10211121110
In base 12, what is 252962 - -11a?
252a80
In base 8, what is -1 - -365635620?
365635617
In base 16, what is -19 + -55e33?
-55e4c
In base 4, what is 2 + 211222113030?
211222113032
In base 11, what is -370 - 822a?
-859a
In base 9, what is -1574502 - 7?
-1574510
In base 7, what is 21 - -4354015?
4354036
In base 11, what is 2462401 + -4?
24623a8
In base 4, what is 12313222022 - -1002?
12313223030
In base 8, what is 10 - 12207051?
-12207041
In base 9, what is -361 - 32288?
-32660
In base 11, what is 307705 - 87?
307629
In base 3, what is -101201220201 - 2001000?
-101210221201
In base 2, what is 11111010100110100101 + 100000?
11111010100111000101
In base 9, what is 5 - -51522273?
51522278
In base 5, what is 230143234 + -11?
230143223
In base 6, what is -5 - 34140224?
-34140233
In base 4, what is 131003133 - 113?
131003020
In base 3, what is -2002002022210212102 + 2?
-2002002022210212100
In base 4, what is 1 + 1231100323?
1231100330
In base 15, what is -10b90a + 0?
-10b90a
In base 3, what is -20210010110021 - 22?
-20210010110120
In base 12, what is 1a7ba + a4a4?
290a2
In base 7, what is -1005524 + 2242?
-1003252
In base 14, what is 31b3b08 - 6?
31b3b02
In base 12, what is 32214 + 6?
3221a
In base 13, what is 0 - c0b3b3?
-c0b3b3
In base 14, what is 13c + -8dcd2b?
-8dcbcd
In base 11, what is 17145 + 124?
17269
In base 8, what is -6020133 + 105?
-6020026
In base 14, what is -b - -2ad27b?
2ad270
In base 14, what is 0 - -4cab26?
4cab26
In base 6, what is 425334 + 20355?
450133
In base 16, what is 12 - 8acd3?
-8acc1
In base 2, what is 110 + 1111010101000011100100?
1111010101000011101010
In base 13, what is -b0c03a3 - 9?
-b0c03ac
In base 3, what is 11002 - 10021022221?
-10021011212
In base 13, what is -819 + 8089?
7570
In base 11, what is 125513255 - -3?
125513258
In base 5, what is -11 - -2010413443?
2010413432
In base 10, what is 6831 - 1368?
5463
In base 6, what is -155132223 - 4?
-155132231
In base 16, what is -b - -2a381?
2a376
In base 14, what is 7 - -114d6783?
114d678a
In base 3, what is 10011011012111200 + -11?
10011011012111112
In base 14, what is -a69b + -d84?
-b641
In base 9, what is -3 + 8276613?
8276610
In base 14, what is 1950b5 + -18?
19509b
In base 9, what is 1107 - -25100?
26207
In base 3, what is 2011120221 + 12200?
2011210121
In base 4, what is -11 - -1013003313?
1013003302
In base 11, what is -2017297 + 10?
-2017287
In base 2, what is 1001010110111111 - 110101?
1001010110001010
In base 16, what is -4812d - 4?
-48131
In base 14, what is 2568d94 + -2?
2568d92
In base 2, what is 111001000000100110 - 11111101?
111000111100101001
In base 14, what is 3 - -3503761?
3503764
In base 2, what is -100 - -11001101100011011?
11001101100010111
In base 2, what is 101010100011100 + 11010100010101?
1000101000110001
In base 7, what is -66611 - 6540?
-106451
In base 6, what is 414 + -1432335?
-1431521
In base 12, what is 9b19 - 561?
9578
In base 16, what is 2 - -2281db?
2281dd
In base 7, what is 5 + -131532002?
-131531664
In base 16, what is -1de734e - 0?
-1de734e
In base 9, what is -487574 - 40?
-487624
In base 16, what is -1d3b332 - 3?
-1d3b335
In base 3, what is 10012 - 10102200202?
-10102120120
In base 2, what is 10101011 + 110010011111111011?
110010100010100110
In base 15, what is -89d - 7e59?
-8807
In base 10, what is -1273837 - -7?
-1273830
In base 9, what is -2875665 + -42?
-2875717
In base 11, what is -358008 + -86?
-358093
In base 2, what is -1011100011 - -100010111111010?
100001100010111
In base 6, what is 2101 - 53352125?
-53350024
In base 15, what is 50 - -d979?
d9c9
In base 15, what is -6 - -7e8d20?
7e8d19
In base 14, what is -2 - 13a8d3c7?
-13a8d3c9
In base 11, what is 3a - 85801?
-85772
In base 14, what is 5bd7 - d19?
4cbc
In base 15, what is 41a0 - -6e1?
4891
In base 3, what is -2002012111120110 - 12?
-2002012111120122
In base 2, what is 1000 + 111110111100101000001011110?
111110111100101000001100110
In base 3, what is -22 - 2111120021111?
-2111120021210
In base 16, what is -181 - ada0?
-af21
In base 4, what is -233002 - -3003?
-223333
In base 8, what is 324 + -3647?
-3323
In base 4, what is -10 + -3101133012031?
-3101133012101
In base 11, what is -2473a872 - -2?
-2473a870
In base 14, what is 25 - 2a7447?
-2a7422
In base 5, what is -2 - -1013333202?
1013333200
In base 12, what is -94 + -61b51b?
-61b5b3
In base 10, what is -2 + -3689920?
-3689922
In base 11, what is -2a + -1096623?
-1096652
In base 11, what is -20 - -13046?
13026
In base 5, what is -1311334 + 1014111?
-242223
In base 5, what is -303220301 - 2?
-303220303
In base 9, what is -4 - -12342483?
12342478
In base 2, what is -1000110111101 - -111001101110?
-1101001111
In base 12, what is 1685 - -8561?
a026
In base 8, what is 307654 + -10?
307644
In base 3, what is 1121112021 + -22121021?
1021221000
In base 8, what is -375 + -25224?
-25621
In base 4, what is 11 - -100110021220?
100110021231
In base 3, what is 1122200200 + 111111001?
2011011201
In base 5, what is -3 - 2010041441?
-2010041444
In base 4, what is -1123202 + 300101?
-223101
In base 6, what is -23235 - 11325?
-35004
In base 3, what is -220212112 + 21222220?
-121212122
In base 9, what is -2766 - -3504?
627
In base 16, what is -348 + -5f25?
-626d
In base 3, what is -2012002010 + 2021010?
-2002211000
In base 12, what is 156a980